{"id":364,"date":"2020-11-15T17:29:49","date_gmt":"2020-11-15T16:29:49","guid":{"rendered":"https:\/\/selbbach.de\/?page_id=364"},"modified":"2022-04-25T15:15:14","modified_gmt":"2022-04-25T13:15:14","slug":"impressum","status":"publish","type":"page","link":"https:\/\/selbbach.de\/czech\/impressum\/","title":{"rendered":"Tir\u00e1\u017e"},"content":{"rendered":"\t\t<div data-elementor-type=\"wp-page\" data-elementor-id=\"364\" class=\"elementor elementor-364\" data-elementor-post-type=\"page\">\n\t\t\t\t\t\t<section class=\"elementor-section elementor-top-section elementor-element elementor-element-7e54ee1 elementor-section-full_width elementor-section-height-default elementor-section-height-default\" data-id=\"7e54ee1\" data-element_type=\"section\" data-e-type=\"section\">\n\t\t\t\t\t\t<div class=\"elementor-container elementor-column-gap-default\">\n\t\t\t\t\t<div class=\"elementor-column elementor-col-100 elementor-top-column elementor-element elementor-element-b581b71\" data-id=\"b581b71\" data-element_type=\"column\" data-e-type=\"column\" data-settings=\"{&quot;motion_fx_motion_fx_scrolling&quot;:&quot;yes&quot;,&quot;motion_fx_translateX_effect&quot;:&quot;yes&quot;,&quot;motion_fx_translateX_speed&quot;:{&quot;unit&quot;:&quot;px&quot;,&quot;size&quot;:&quot;1&quot;,&quot;sizes&quot;:[]},&quot;motion_fx_translateX_affectedRange&quot;:{&quot;unit&quot;:&quot;%&quot;,&quot;size&quot;:&quot;&quot;,&quot;sizes&quot;:{&quot;start&quot;:&quot;0&quot;,&quot;end&quot;:&quot;50&quot;}},&quot;motion_fx_devices&quot;:[&quot;desktop&quot;,&quot;tablet&quot;]}\">\n\t\t\t<div class=\"elementor-widget-wrap elementor-element-populated\">\n\t\t\t\t\t\t<div class=\"elementor-element elementor-element-c235d56 elementor-widget-divider--view-line_text elementor-widget-divider--element-align-left elementor-widget elementor-widget-divider\" data-id=\"c235d56\" data-element_type=\"widget\" data-e-type=\"widget\" data-widget_type=\"divider.default\">\n\t\t\t\t<div class=\"elementor-widget-container\">\n\t\t\t\t\t\t\t<div class=\"elementor-divider\">\n\t\t\t<span class=\"elementor-divider-separator\">\n\t\t\t\t\t\t\t<span class=\"elementor-divider__text elementor-divider__element\">\n\t\t\t\t<b>Impressum<\/b>\t\t\t\t<\/span>\n\t\t\t\t\t\t<\/span>\n\t\t<\/div>\n\t\t\t\t\t\t<\/div>\n\t\t\t\t<\/div>\n\t\t\t\t\t<\/div>\n\t\t<\/div>\n\t\t\t\t\t<\/div>\n\t\t<\/section>\n\t\t\t\t<section class=\"elementor-section elementor-top-section elementor-element elementor-element-06b51ba elementor-section-full_width elementor-section-height-default elementor-section-height-default\" data-id=\"06b51ba\" data-element_type=\"section\" data-e-type=\"section\">\n\t\t\t\t\t\t<div class=\"elementor-container elementor-column-gap-default\">\n\t\t\t\t\t<div class=\"elementor-column elementor-col-100 elementor-top-column elementor-element elementor-element-083ff7a\" data-id=\"083ff7a\" data-element_type=\"column\" data-e-type=\"column\">\n\t\t\t<div class=\"elementor-widget-wrap elementor-element-populated\">\n\t\t\t\t\t\t<div class=\"elementor-element elementor-element-2bcd55b elementor-widget elementor-widget-text-editor\" data-id=\"2bcd55b\" data-element_type=\"widget\" data-e-type=\"widget\" data-widget_type=\"text-editor.default\">\n\t\t\t\t<div class=\"elementor-widget-container\">\n\t\t\t\t\t\t\t\t\t<h3>Herausgeber<\/h3>\n<p>Wasserwirtschaftsamt Hof<br>Jahnstra\u00dfe 4<br>95030 Hof<br>Telefon: 09281 891-0<br>Fax: 09281 891-100<br>E-Mail: <a href=\"mailto:poststelle@wwa-ho.bayern.de\">poststelle@wwa-ho.bayern.de<\/a><a title=\"E-Mail an die Poststelle des WWA senden\" href=\"mailto:poststelle@wwa-ho.bayern.de\"><span><\/span><\/a><\/p>\n<p>Vertretungsberechtigter: Beh\u00f6rdenleiterin Gabriele Merz<\/p>\n<p><\/p>\n<h3>Verantwortlich f\u00fcr den Inhalt<\/h3>\n<p>Sachgebiet Grunds\u00e4tze und Kommunikation<br>Magdalena Wirth<br>Telefon: 09281 891-213<br>Fax: 09281 891-100<\/p>\n<p>Namentlich gekennzeichnete Internetseiten geben die Auffassungen und Erkenntnisse der genannten Personen wieder.<\/p>\n<p><\/p>\n<h3>Technische Umsetzung<\/h3>\n<p>Unser Web-Server wird durch das Landesamt f\u00fcr Digitalisierung, Breitband und Vermessung betrieben.<\/p>\n<p>Anschrift:<br>Landesamt f\u00fcr Digitalisierung, Breitband und Vermessung<br>IT-Dienstleistungszentrum des Freistaats Bayern<br>St.-Martin-Stra\u00dfe 47<br>81541 M\u00fcnchen<br>E-Mail: <a title=\"E-Mail-Link\" href=\"mailto:poststelle@ldbv.bayern.de\">poststelle@ldbv.bayern.de<\/a><\/p>\n<h3>&nbsp;<\/h3>\n<h3>Nutzungsbedingungen<\/h3>\n<p>Texte, Bilder, Grafiken sowie die Gestaltung dieser Internetseiten unterliegen dem Urheberrecht. Sie d\u00fcrfen von Ihnen nur zum privaten und sonstigen eigenen Gebrauch im Rahmen des \u00a7 53 Urheberrechtsgesetz (UrhG) verwendet werden. Eine Vervielf\u00e4ltigung oder Verwendung dieser Seiten oder Teilen davon in anderen elektronischen oder gedruckten Publikationen und deren Ver\u00f6ffentlichung ist nur mit unserer Einwilligung gestattet. Diese erteilen auf Anfrage die f\u00fcr den Inhalt Verantwortlichen. Weiterhin k\u00f6nnen Texte, Bilder, Grafiken und sonstige Dateien ganz oder teilweise dem Urheberrecht Dritter unterliegen. Auch \u00fcber das Bestehen m\u00f6glicher Rechte Dritter geben Ihnen die f\u00fcr den Inhalt Verantwortlichen n\u00e4here Ausk\u00fcnfte.<\/p>\n<p>Der Nachdruck und die Auswertung von Pressemitteilungen und Reden sind mit Quellenangabe allgemein gestattet.<\/p>\n<h3>&nbsp;<\/h3>\n<h3>Haftungsausschluss<\/h3>\n<p>Alle auf dieser Internetseite bereitgestellten Informationen haben wir nach bestem Wissen und Gewissen erarbeitet und gepr\u00fcft. Eine Gew\u00e4hr f\u00fcr die jederzeitige Aktualit\u00e4t, Richtigkeit, Vollst\u00e4ndigkeit und Verf\u00fcgbarkeit der bereit gestellten Informationen k\u00f6nnen wir allerdings nicht \u00fcbernehmen. Ein Vertragsverh\u00e4ltnis mit den Nutzern des Internetangebots kommt nicht zustande.<\/p>\n<p>Wir haften nicht f\u00fcr Sch\u00e4den, die durch die Nutzung dieses Internetangebots entstehen. Dieser Haftungsausschluss gilt nicht, soweit die Vorschriften des \u00a7 839 BGB (Haftung bei Amtspflichtverletzung) einschl\u00e4gig sind. F\u00fcr etwaige Sch\u00e4den, die beim Aufrufen oder Herunterladen von Daten durch Schadsoftware oder der Installation oder Nutzung von Software verursacht werden, wird nicht gehaftet.<\/p>\t\t\t\t\t\t\t\t<\/div>\n\t\t\t\t<\/div>\n\t\t\t\t\t<\/div>\n\t\t<\/div>\n\t\t\t\t\t<\/div>\n\t\t<\/section>\n\t\t\t\t<\/div>\n\t\t","protected":false},"excerpt":{"rendered":"<p>Impressum Herausgeber Wasserwirtschaftsamt Hof Jahnstra\u00dfe 4 95030 Hof Telefon: 09281 891-0 Fax: 09281 891-100 E-Mail: poststelle@wwa-ho.bayern.de Vertretungsberechtigter: Beh\u00f6rdenleiterin Gabriele Merz Verantwortlich f\u00fcr den Inhalt Sachgebiet Grunds\u00e4tze und Kommunikation Magdalena Wirth Telefon: 09281 891-213 Fax: 09281 891-100 Namentlich gekennzeichnete Internetseiten geben die Auffassungen und Erkenntnisse der genannten Personen wieder. Technische Umsetzung Unser Web-Server wird durch das [&hellip;]<\/p>\n","protected":false},"author":1,"featured_media":0,"parent":0,"menu_order":0,"comment_status":"closed","ping_status":"closed","template":"","meta":{"inline_featured_image":false,"footnotes":""},"class_list":["post-364","page","type-page","status-publish","hentry"],"yoast_head":"<!-- This site is optimized with the Yoast SEO plugin v27.4 - https:\/\/yoast.com\/product\/yoast-seo-wordpress\/ -->\n<title>Impressum - Selbbach<\/title>\n<meta name=\"robots\" content=\"index, follow, max-snippet:-1, max-image-preview:large, max-video-preview:-1\" \/>\n<link rel=\"canonical\" href=\"https:\/\/selbbach.de\/czech\/impressum\/\" \/>\n<meta property=\"og:locale\" content=\"cs_CZ\" \/>\n<meta property=\"og:type\" content=\"article\" \/>\n<meta property=\"og:title\" content=\"Impressum - Selbbach\" \/>\n<meta property=\"og:description\" content=\"Impressum Herausgeber Wasserwirtschaftsamt Hof Jahnstra\u00dfe 4 95030 Hof Telefon: 09281 891-0 Fax: 09281 891-100 E-Mail: poststelle@wwa-ho.bayern.de Vertretungsberechtigter: Beh\u00f6rdenleiterin Gabriele Merz Verantwortlich f\u00fcr den Inhalt Sachgebiet Grunds\u00e4tze und Kommunikation Magdalena Wirth Telefon: 09281 891-213 Fax: 09281 891-100 Namentlich gekennzeichnete Internetseiten geben die Auffassungen und Erkenntnisse der genannten Personen wieder. Technische Umsetzung Unser Web-Server wird durch das [&hellip;]\" \/>\n<meta property=\"og:url\" content=\"https:\/\/selbbach.de\/czech\/impressum\/\" \/>\n<meta property=\"og:site_name\" content=\"Selbbach\" \/>\n<meta property=\"article:modified_time\" content=\"2022-04-25T13:15:14+00:00\" \/>\n<meta name=\"twitter:card\" content=\"summary_large_image\" \/>\n<meta name=\"twitter:label1\" content=\"Odhadovan\u00e1 doba \u010dten\u00ed\" \/>\n\t<meta name=\"twitter:data1\" content=\"2 minuty\" \/>\n<script type=\"application\/ld+json\" class=\"yoast-schema-graph\">{\"@context\":\"https:\\\/\\\/schema.org\",\"@graph\":[{\"@type\":\"WebPage\",\"@id\":\"https:\\\/\\\/selbbach.de\\\/impressum\\\/\",\"url\":\"https:\\\/\\\/selbbach.de\\\/impressum\\\/\",\"name\":\"Impressum - Selbbach\",\"isPartOf\":{\"@id\":\"https:\\\/\\\/selbbach.de\\\/#website\"},\"datePublished\":\"2020-11-15T16:29:49+00:00\",\"dateModified\":\"2022-04-25T13:15:14+00:00\",\"breadcrumb\":{\"@id\":\"https:\\\/\\\/selbbach.de\\\/impressum\\\/#breadcrumb\"},\"inLanguage\":\"cs\",\"potentialAction\":[{\"@type\":\"ReadAction\",\"target\":[\"https:\\\/\\\/selbbach.de\\\/impressum\\\/\"]}]},{\"@type\":\"BreadcrumbList\",\"@id\":\"https:\\\/\\\/selbbach.de\\\/impressum\\\/#breadcrumb\",\"itemListElement\":[{\"@type\":\"ListItem\",\"position\":1,\"name\":\"Startseite\",\"item\":\"https:\\\/\\\/selbbach.de\\\/\"},{\"@type\":\"ListItem\",\"position\":2,\"name\":\"Impressum\"}]},{\"@type\":\"WebSite\",\"@id\":\"https:\\\/\\\/selbbach.de\\\/#website\",\"url\":\"https:\\\/\\\/selbbach.de\\\/\",\"name\":\"Selbbach\",\"description\":\"Wasserwirtschaftsamt Hof\",\"publisher\":{\"@id\":\"https:\\\/\\\/selbbach.de\\\/#organization\"},\"potentialAction\":[{\"@type\":\"SearchAction\",\"target\":{\"@type\":\"EntryPoint\",\"urlTemplate\":\"https:\\\/\\\/selbbach.de\\\/?s={search_term_string}\"},\"query-input\":{\"@type\":\"PropertyValueSpecification\",\"valueRequired\":true,\"valueName\":\"search_term_string\"}}],\"inLanguage\":\"cs\"},{\"@type\":\"Organization\",\"@id\":\"https:\\\/\\\/selbbach.de\\\/#organization\",\"name\":\"Selbbach Wasserwirtschaftsamt Hof\",\"url\":\"https:\\\/\\\/selbbach.de\\\/\",\"logo\":{\"@type\":\"ImageObject\",\"inLanguage\":\"cs\",\"@id\":\"https:\\\/\\\/selbbach.de\\\/#\\\/schema\\\/logo\\\/image\\\/\",\"url\":\"https:\\\/\\\/selbbach.de\\\/wp-content\\\/uploads\\\/2020\\\/10\\\/Logo-Selbbach.png\",\"contentUrl\":\"https:\\\/\\\/selbbach.de\\\/wp-content\\\/uploads\\\/2020\\\/10\\\/Logo-Selbbach.png\",\"width\":1512,\"height\":530,\"caption\":\"Selbbach Wasserwirtschaftsamt Hof\"},\"image\":{\"@id\":\"https:\\\/\\\/selbbach.de\\\/#\\\/schema\\\/logo\\\/image\\\/\"}}]}<\/script>\n<!-- \/ Yoast SEO plugin. -->","yoast_head_json":{"title":"Impressum - Selbbach","robots":{"index":"index","follow":"follow","max-snippet":"max-snippet:-1","max-image-preview":"max-image-preview:large","max-video-preview":"max-video-preview:-1"},"canonical":"https:\/\/selbbach.de\/czech\/impressum\/","og_locale":"cs_CZ","og_type":"article","og_title":"Impressum - Selbbach","og_description":"Impressum Herausgeber Wasserwirtschaftsamt Hof Jahnstra\u00dfe 4 95030 Hof Telefon: 09281 891-0 Fax: 09281 891-100 E-Mail: poststelle@wwa-ho.bayern.de Vertretungsberechtigter: Beh\u00f6rdenleiterin Gabriele Merz Verantwortlich f\u00fcr den Inhalt Sachgebiet Grunds\u00e4tze und Kommunikation Magdalena Wirth Telefon: 09281 891-213 Fax: 09281 891-100 Namentlich gekennzeichnete Internetseiten geben die Auffassungen und Erkenntnisse der genannten Personen wieder. Technische Umsetzung Unser Web-Server wird durch das [&hellip;]","og_url":"https:\/\/selbbach.de\/czech\/impressum\/","og_site_name":"Selbbach","article_modified_time":"2022-04-25T13:15:14+00:00","twitter_card":"summary_large_image","twitter_misc":{"Odhadovan\u00e1 doba \u010dten\u00ed":"2 minuty"},"schema":{"@context":"https:\/\/schema.org","@graph":[{"@type":"WebPage","@id":"https:\/\/selbbach.de\/impressum\/","url":"https:\/\/selbbach.de\/impressum\/","name":"Impressum - Selbbach","isPartOf":{"@id":"https:\/\/selbbach.de\/#website"},"datePublished":"2020-11-15T16:29:49+00:00","dateModified":"2022-04-25T13:15:14+00:00","breadcrumb":{"@id":"https:\/\/selbbach.de\/impressum\/#breadcrumb"},"inLanguage":"cs","potentialAction":[{"@type":"ReadAction","target":["https:\/\/selbbach.de\/impressum\/"]}]},{"@type":"BreadcrumbList","@id":"https:\/\/selbbach.de\/impressum\/#breadcrumb","itemListElement":[{"@type":"ListItem","position":1,"name":"Startseite","item":"https:\/\/selbbach.de\/"},{"@type":"ListItem","position":2,"name":"Impressum"}]},{"@type":"WebSite","@id":"https:\/\/selbbach.de\/#website","url":"https:\/\/selbbach.de\/","name":"Selbbach","description":"Vodohospod\u00e1\u0159sk\u00fd \u00fa\u0159ad Hof","publisher":{"@id":"https:\/\/selbbach.de\/#organization"},"potentialAction":[{"@type":"SearchAction","target":{"@type":"EntryPoint","urlTemplate":"https:\/\/selbbach.de\/?s={search_term_string}"},"query-input":{"@type":"PropertyValueSpecification","valueRequired":true,"valueName":"search_term_string"}}],"inLanguage":"cs"},{"@type":"Organization","@id":"https:\/\/selbbach.de\/#organization","name":"Selbbach Wasserwirtschaftsamt Hof","url":"https:\/\/selbbach.de\/","logo":{"@type":"ImageObject","inLanguage":"cs","@id":"https:\/\/selbbach.de\/#\/schema\/logo\/image\/","url":"https:\/\/selbbach.de\/wp-content\/uploads\/2020\/10\/Logo-Selbbach.png","contentUrl":"https:\/\/selbbach.de\/wp-content\/uploads\/2020\/10\/Logo-Selbbach.png","width":1512,"height":530,"caption":"Selbbach Wasserwirtschaftsamt Hof"},"image":{"@id":"https:\/\/selbbach.de\/#\/schema\/logo\/image\/"}}]}},"_links":{"self":[{"href":"https:\/\/selbbach.de\/czech\/wp-json\/wp\/v2\/pages\/364","targetHints":{"allow":["GET"]}}],"collection":[{"href":"https:\/\/selbbach.de\/czech\/wp-json\/wp\/v2\/pages"}],"about":[{"href":"https:\/\/selbbach.de\/czech\/wp-json\/wp\/v2\/types\/page"}],"author":[{"embeddable":true,"href":"https:\/\/selbbach.de\/czech\/wp-json\/wp\/v2\/users\/1"}],"replies":[{"embeddable":true,"href":"https:\/\/selbbach.de\/czech\/wp-json\/wp\/v2\/comments?post=364"}],"version-history":[{"count":10,"href":"https:\/\/selbbach.de\/czech\/wp-json\/wp\/v2\/pages\/364\/revisions"}],"predecessor-version":[{"id":1358,"href":"https:\/\/selbbach.de\/czech\/wp-json\/wp\/v2\/pages\/364\/revisions\/1358"}],"wp:attachment":[{"href":"https:\/\/selbbach.de\/czech\/wp-json\/wp\/v2\/media?parent=364"}],"curies":[{"name":"wp","href":"https:\/\/api.w.org\/{rel}","templated":true}]}}